tors of t?
11
Let k(w) = -w**2 + 10*w - 11. Suppose 2*r + 15 = 5*r. List the prime factors of k(r).
2, 7
Let r(s) = 11*s**2 + s + 3. Let a = -4 - -6. What are the prime factors of r(a)?
7
Let a(r) be the third derivative of -r**6/20 - r**5/20 + r**4/24 + r**3/6 + 4*r**2. Let g be a(2). What are the prime factors of 1*g*1/(-3)?
19
Let d(a) = 17*a**2 + 46*a + 445. What are the prime factors of d(-12)?
2341
List the prime factors of (-1)/3*(6 + -507).
167
Let d(t) = -10*t + 10 + t + t + 0. Let j be d(-7). Suppose -3*f + 81 = -j. List the prime factors of f.
7
List the prime factors of 862/2 - (9 - 5/1).
7, 61
Let k = 5549 + -3077. Suppose -k = 2*h - 14*h. List the prime factors of h.
2, 103
Let h(v) = -v**2 - 73*v + 28. List the prime factors of h(-50).
2, 19, 31
Suppose -54*d + 3*d = -7344. What are the prime factors of d?
2, 3
Let g(n) = n**2 - 11*n + 7. Let a(w) = w**2 - w + 1. Let z(k) = -2*a(k) + g(k). Let l be z(-9). Suppose -l*s = -0 - 60. What are the prime factors of s?
2, 3
Let m(q) = -3*q**3 - 9*q**2 - 31*q + 4. What are the prime factors of m(-5)?
3, 103
Suppose -5*s + 4015 = 5*q, 5*q - 7*q + 4006 = 5*s. List the prime factors of s.
2, 5
Let t be 44/6*(-9)/(-2). Let n = t + -28. What are the prime factors of n?
5
Let y(i) = i**2 + 3*i + 1. Let m(q) = -q**3 + 5*q**2 + 9*q - 11. Let u be m(6). Suppose 3*b + 5 + u = 0. What are the prime factors of y(b)?
5
Let n = 3 - 1. Suppose -n = -4*m + u + 13, -3*m + 18 = -3*u. Let t(h) = 13*h - 7. What are the prime factors of t(m)?
2
Let t(i) = 36*i**2 + 10*i - 9. Let h(x) = -18*x**2 - 5*x + 4. Let k(r) = -5*h(r) - 2*t(r). Let w be k(2). Let o = w + -50. What are the prime factors of o?
2, 3, 5
Suppose -o = 5*r - 22, 13 - 1 = 3*r. Suppose -o*j = 120 - 352. What are the prime factors of j?
2, 29
Suppose 3 = -5*b + 18. Let v be (-56)/8*(2 - b). Suppose 0 = v*s - 3*s - 108. What are the prime factors of s?
3
Let q = 125 - 121. Suppose 3*d - 5*i = 5*d - 104, q*d = -i + 226. What are the prime factors of d?
3, 19
Suppose z + 3*z = -f + 19, -5*f = 3*z - 10. Suppose -20 = -w - 4*w, -z*w - 444 = -2*q. List the prime factors of q.
2, 29
Suppose -5*v + 0*h + 290 = -5*h, 3*v = 5*h + 174. Let r = v + -12. List the prime factors of r.
2, 23
Let d = 73 - 37. Let c = -16 + d. Let l = c - -18. What are the prime factors of l?
2, 19
Suppose 0 = -3*d + 1370 - 143. What are the prime factors of d?
409
Let y = -41 - -159. Let b = 272 - y. List the prime factors of b.
2, 7, 11
Suppose 12045 = 113*t - 108*t. What are the prime factors of t?
3, 11, 73
Let q(j) = 16*j + 43. List the prime factors of q(11).
3, 73
Suppose 0 = -42*v + 1315 - 139. What are the prime factors of v?
2, 7
Suppose i - 6*i - a = -6401, -3*i + 3*a + 3837 = 0. Suppose 0 = 4*u - 12*u + i. List the prime factors of u.
2, 5
Let p be (36/15)/((-6)/(-45)). Suppose 0 = -5*r + p + 2. Suppose 5*i + 5*s = 3*i - 1, 3*s + 63 = r*i. List the prime factors of i.
2, 3
Suppose 46*v = 56*v - 9320. What are the prime factors of v?
2, 233
List the prime factors of (-24)/108 + -2 + 20738/9.
2, 1151
List the prime factors of ((-132)/(-10))/(3/520).
2, 11, 13
Let h be 13/(-104) - 99/(-24). Let p(w) = w**2 - 4*w + 3. Let d be p(3). Suppose h*t = d, -3*k - 4*t + 171 = -0*k. List the prime factors of k.
3, 19
Suppose 0 = 9*m - 29 + 2. Suppose -m*w + w + 86 = -3*o, -2*w = 5*o - 102. List the prime factors of w.
2, 23
What are the prime factors of (106/22 - 5) + (-7550)/(-22)?
7
Let w(z) = -z + 7. Let o be w(5). Suppose o*f = 4*f + 16. Let p(h) = h**2 + 7*h + 17. List the prime factors of p(f).
5
Let w = 13 + -26. Let z = w - -20. Suppose y - z = -0*y. What are the prime factors of y?
7
Suppose 185 = 7*i - 2*i. Suppose j - i = -5*h + 6, -5*h = -20. List the prime factors of j.
23
Let t = 0 - -2. Suppose -t*u + 162 = u. What are the prime factors of u?
2, 3
Suppose -45 + 13 = -4*y. Let x = 12 - y. Suppose 3 = -x*l + 183. What are the prime factors of l?
3, 5
Let k(s) = -s**3 + s**2 - 2*s + 13. Let v be k(0). Suppose -14*r = -v*r - 28. List the prime factors of r.
2, 7
Let c(z) = -24*z + 303. What are the prime factors of c(-4)?
3, 7, 19
Let d(p) = -p**2 - 3*p + 12. Let n be d(-6). List the prime factors of 295 - (n + 6)/(0 + -2).
5, 59
Suppose b - 126 = -0*b. Let d = b + -67. What are the prime factors of d?
59
Suppose z = 5*f, 0 = -4*z - 5*f + 4*f + 84. Let k = -11 - z. Let v = k + 40. List the prime factors of v.
3
Suppose -4*u - 27 = 5. Let x(g) = -g**2 - 15*g - 7. List the prime factors of x(u).
7
Let g(m) = -2*m - 2. Let q be g(-3). Suppose v = j + 32, -q*v - 76 = 2*j - 186. What are the prime factors of v?
29
Suppose -h = -2*h - 4*y + 15, -3*y = -9. Suppose -17 + 8 = -h*r. Suppose -23 - 17 = -3*w + d, r*w = 5*d + 20. List the prime factors of w.
3, 5
Suppose 22*h + 12*h - 171972 = 0. What are the prime factors of h?
2, 3, 281
Let y(h) = h**2 - 4*h - 8. Let k be y(8). Suppose 0 = -i + k - 6. Suppose 0*m - m + 4*p = -i, -m = 3*p - 11. What are the prime factors of m?
2, 7
Suppose 7*q - 77 = 6*q. Let l(z) = 54*z**3 + 2*z**2 + 2*z + 1. Let v be l(-1). Let i = q + v. What are the prime factors of i?
2, 3
Let z = 758 + -143. What are the prime factors of z?
3, 5, 41
Suppose -4*b = -14*b + 4360. What are the prime factors of b?
2, 109
Suppose 2*l + 18 = -4*l. What are the prime factors of ((-56 - l) + 4)*-1?
7
Let m be (3/4)/((-1)/4). Let g(b) = 5*b + 13. Let l be g(-7). What are the prime factors of (l/3 - 2)*m?
2, 7
Let g = 766 + 460. List the prime factors of g.
2, 613
Let u be ((-18)/(-15))/((-1)/(-5)). Suppose 5*m - 530 = 4*i, 2*m = 3*i - 39 + 244. List the prime factors of m/u - (-6)/9.
19
Suppose 245 = 6*c - 571. What are the prime factors of c?
2, 17
Let u(g) = g**3 - 4*g**2 + 35*g + 18. What are the prime factors of u(13)?
2, 997
Let k(j) = 2 + 3*j - 2. Suppose -7*w + 2*w - 4*u + 32 = 0, -7 = 2*w - 5*u. List the prime factors of k(w).
2, 3
List the prime factors of (-52)/(-156) - 23468/(-12).
2, 3, 163
List the prime factors of (657 - -5) + -2 + 0 + 1.
661
Let o = 557 - -888. List the prime factors of o.
5, 17
Let a = 1326 - 1058. List the prime factors of a.
2, 67
Let g(a) = -260*a + 53. List the prime factors of g(-7).
1873
Let u(x) = -x**2 + 87*x + 223. List the prime factors of u(67).
3, 521
Let d(o) = -2*o - 12. Let w = -12 - -2. Let k be 105/w + (-3)/6. What are the prime factors of d(k)?
2, 5
Let q(t) = -7*t - 13. Let f be q(-2). Let g(h) = 73*h - 6. What are the prime factors of g(f)?
67
Suppose -f = -3*f + 144. Let i be (f/(-84))/(1/(-105)). Suppose 0 = 4*p + d - i, 5*p = p + 4*d + 100. What are the prime factors of p?
23
Suppose -2*a - a + v = -591, 4*a - 804 = -4*v. What are the prime factors of (a/45)/((-1)/(-10))?
2, 11
Let f = 128 + -64. Suppose n - f = -3*n. What are the prime factors of n?
2
Let a(c) = -c + 1. Let s(d) = 2*d - 1. Let q(h) = -2*a(h) + s(h). Suppose -3*y = -2*p + 20, 3*y + 3 = -9. What are the prime factors of q(p)?
13
Suppose -32*f = -20*f - 5124. What are the prime factors of f?
7, 61
Let q = -1655 + 3351. List the prime factors of q.
2, 53
Let n be ((-3)/(-9))/(4/624). What are the prime factors of 2*(-1)/2 + n?
3, 17
Suppose l + 2*v - 783 = 0, 2*l + 5*v = 41 + 1529. List the prime factors of l.
5, 31
Suppose 10*u - 1072 = 9138. What are the prime factors of u?
1021
Let l be (-2)/4*(-20 + 2). Let p = l + -6. Suppose -4*s + 6*r - r = -50, -2*s + 36 = p*r. List the prime factors of s.
3, 5
Let o(s) be the second derivative of 61*s**5/10 - s**3/6 + s**2/2 - 4*s. List the prime factors of o(1).
2, 61
Let s(b) be the first derivative of b**3/3 + 9*b**2/2 - 7*b - 2. Let l be s(-12). Suppose 5*u = -4*o + 125, 2*u - u + l = o. What are the prime factors of o?
2, 3, 5
Let o(i) = 2*i - 1. Let m be o(4). Suppose 0 = -4*x + c + 5, -c = -5*x - 0*c + m. Suppose -r = x*r - 87. What are the prime factors of r?
29
Suppose 5*u - 67 = -3*m - 17, -29 = -2*m + u. Let a be (-2 + 8)/(m/10). Suppose 4*c + 3*j - 119 = -c, a*c - 85 = j. List the prime factors of c.
2, 11
Let v(m) = 637*m - 409. List the prime factors of v(7).
2, 3, 5
Let v = 15 + -11. Suppose -v*g + 0 + 8 = 0. Suppose n - g*n + 9 = 0. What are the prime factors of n?
3
Let i = -2869 + 4516. List the prime factors of i.
3, 61
Let m be ((-6)/15)/((-6)/60). Suppose -2*g + 92 = 2*i, -m*i - 3*